*2 + 44*l - 86. What is u(17)?
84
Let i(c) = -8696*c - 17382. Give i(-2).
10
Let m(f) = -543*f + 3260. Calculate m(6).
2
Let r(j) = -j**2 + 250*j + 2882. What is r(-11)?
11
Let q(t) = t**3 - 134*t**2 + 741*t + 170. Give q(6).
8
Let o(s) = s**3 + 183*s**2 - 563*s + 7. Give o(3).
-8
Let l(y) = -2*y**2 - 44*y + 49. Determine l(2).
-47
Let a(l) = 4*l**2 + 248*l - 2559. What is a(9)?
-3
Let t(s) = -s**3 - 29*s**2 + 58*s - 139. Give t(-31).
-15
Let x(g) = 32*g**2 + 1278*g - 63. Determine x(-40).
17
Let b(p) = 22*p + 2153. Calculate b(-98).
-3
Let c(k) = k**3 - 30*k**2 - 95*k - 124. Determine c(33).
8
Let w(x) = 120*x - 4465. Calculate w(37).
-25
Let j(n) = n**3 - 21*n**2 + 34*n + 75. Calculate j(19).
-1
Let w(j) = j**3 + 61*j**2 + 4*j + 250. Determine w(-61).
6
Let i(b) = -b**3 + 10*b**2 - 61*b + 366. Calculate i(8).
6
Let h(w) = 50*w - 2782. What is h(55)?
-32
Let t(z) = -107*z - 554. Give t(-5).
-19
Let u(k) = -105*k - 622. Determine u(-8).
218
Let l(h) = h**3 - 11*h**2 + 1. What is l(10)?
-99
Let v(n) = -n**2 - 174*n + 1734. Determine v(10).
-106
Let j(t) = -11*t**2 + 47*t - 53. Determine j(2).
-3
Let z(c) = -21*c - 1586. Give z(-75).
-11
Let h(m) = 2*m**2 - 289*m + 2827. Give h(134).
13
Let g(q) = 2*q**3 + 7*q**2 - 15*q + 8. Determine g(-5).
8
Let h(l) = -2*l**2 + 484*l - 26247. Determine h(160).
-7
Let d(o) = 707*o**2 - 19797*o + 21. What is d(28)?
-7
Let t(h) = 38*h**2 + 124*h + 27. What is t(-3)?
-3
Let w(u) = 2*u**3 - 6*u**2 - 10*u + 11. Give w(4).
3
Let d(a) = a**3 - 94*a**2 + 365*a + 40. Calculate d(90).
490
Let i(m) = -97*m - 5976. What is i(-58)?
-350
Let a(g) = g**3 + 21*g**2 - 29*g - 139. Give a(-22).
15
Let q(y) = 3*y**3 + 9*y - 20. Calculate q(2).
22
Let n(d) = -2*d**2 + 140*d + 427. Give n(-3).
-11
Let s(i) = i**3 + 99*i**2 - 401*i - 45. Determine s(4).
-1
Let w(r) = 37*r**2 + 215*r - 11. Determine w(-5).
-161
Let n(b) = 471*b + 467. Determine n(-1).
-4
Let o(c) = -4*c**2 - c + 131. Determine o(-13).
-532
Let a(v) = 5*v**2 + 3412*v - 3412. Calculate a(1).
5
Let u(b) = -17*b**2 + 66*b + 139. Determine u(-2).
-61
Let u(v) = 876*v + 17519. What is u(-20)?
-1
Let s(c) = -2*c**3 + 24*c**2 - 51*c - 45. What is s(9)?
-18
Let d(v) = v**2 - 37*v + 75. What is d(2)?
5
Let x(f) = -f**3 + 6*f**2 - 2*f + 41. Determine x(7).
-22
Let c(v) = -v**3 + 29*v**2 + 596*v + 14. Determine c(-14).
98
Let c(y) = 45*y**2 - 752*y + 517. What is c(16)?
5
Let o(f) = 18*f - 418. Calculate o(10).
-238
Let k(f) = -10*f**2 - 113*f - 114. Calculate k(-10).
16
Let h(x) = 75*x**2 - 602*x + 11. Give h(8).
-5
Let k(o) = 13*o**2 - 2151*o - 2154. What is k(-1)?
10
Let x(a) = -2*a**3 + a**2 + 5*a + 99. Determine x(0).
99
Let z(a) = a**2 + 52*a - 684. Give z(-65).
161
Let g(w) = -w**3 - 24*w**2 - 12*w + 692. Determine g(-22).
-12
Let b(m) = 519*m - 9350. Determine b(18).
-8
Let k(h) = 52*h**3 + h**2 - h - 1. What is k(-1)?
-51
Let i(y) = 137*y + 1911. What is i(-14)?
-7
Let k(x) = -x**2 + 79*x - 211. Calculate k(3).
17
Let t(a) = -360*a - 729. Give t(-2).
-9
Let y(a) = -a**2 - 7*a + 191. What is y(-17)?
21
Let u(z) = -46*z - 3905. Determine u(-76).
-409
Let i(m) = -m - 132. Give i(-22).
-110
Let w(j) = -j**2 + 13*j - 36. What is w(8)?
4
Let a(f) = f**3 - 9*f**2 - 29*f + 286. Give a(9).
25
Let y(i) = -i + 10. What is y(7)?
3
Let c(y) = -42*y**2 - 159*y - 1. What is c(-4)?
-37
Let k(r) = -206*r + 5360. Determine k(26).
4
Let d(w) = -w**3 - 4*w**2 + 19*w + 84. Determine d(-5).
14
Let b(n) = n**3 + 34*n**2 + 35*n + 78. Determine b(-33).
12
Let z(h) = -h**3 - 92*h**2 - 89*h + 107. What is z(-91)?
-75
Let j(o) = o**3 + 17*o**2 + 18*o + 10. Give j(-16).
-22
Let r(x) = -23*x**2 + 7*x - 14. What is r(2)?
-92
Let f(t) = -3*t**2 + 22*t - 34. Calculate f(6).
-10
Let x(i) = 3*i**2 + 67*i - 221. What is x(-24)?
-101
Let d(w) = w**3 - 15*w**2 - 20*w + 292. Determine d(15).
-8
Let w(o) = o**2 + 13*o - 100. Determine w(7).
40
Let l(z) = 11*z - 95. What is l(9)?
4
Let k(m) = -4*m**2 - 64*m + 23. Give k(-15).
83
Let j(t) = 4*t**3 + 10*t**2 - 9*t - 14. Calculate j(-3).
-5
Let h(y) = -3*y**2 + 5*y + 42. Calculate h(-2).
20
Let y(g) = 91*g - 1653. Calculate y(18).
-15
Let v(r) = -11*r**2 - 52. Give v(0).
-52
Let i(h) = -h**2 + 4*h + 661. Determine i(-25).
-64
Let v(p) = p**3 - 22*p**2 + 5*p - 18. Calculate v(2).
-88
Let w(q) = 5*q**2 + 78*q + 60. Give w(-15).
15
Let v(z) = 7*z**3 + 1114*z**2 + 163*z + 632. Give v(-159).
-4
Let f(c) = c**3 + 78*c**2 + 40*c - 2787. Calculate f(-77).
62
Let c(g) = 23*g - 380. Calculate c(9).
-173
Let x(v) = 7*v**2 - 358*v + 62. What is x(51)?
11
Let k(h) = 3*h**3 + 33*h**2 + 69. Calculate k(-11).
69
Let i(q) = -5*q**3 + 3*q**2 - 4*q + 16. What is i(4)?
-272
Let n(b) = -3*b**2 - 22*b - 255. Calculate n(-13).
-476
Let m(x) = -x**3 + 18*x**2 + 21*x - 48. What is m(19)?
-10
Let y(v) = -2*v**3 - 81*v**2 - 43*v - 78. Calculate y(-40).
42
Let l(k) = k**3 - 22*k**2 + 52*k - 1184. What is l(22)?
-40
Let p(l) = l**2 + 52*l - 226. Give p(6).
122
Let u(l) = 30*l**2 + 222*l - 18. What is u(-8)?
126
Let g(u) = 56*u + 211. Give g(-4).
-13
Let r(u) = u**3 - 3*u**2 - 622*u + 4651. What is r(8)?
-5
Let f(i) = 32*i**3 - 90*i**2 + 11*i - 52. Determine f(3).
35
Let m(s) = -144*s + 944. Determine m(7).
-64
Let h(y) = y**3 - 10*y**2 + 19*y - 9. Give h(8).
15
Let u(c) = -c**3 + 6*c**2 - 8*c + 34. Determine u(6).
-14
Let v(f) = -2*f + 216. Give v(108).
0
Let q(m) = 16*m + 202. Calculate q(-9).
58
Let u(n) = 35*n + 720. Determine u(-10).
370
Let q(i) = -i**3 - 5*i**2 + 13*i - 20. Calculate q(-7).
-13
Let i(z) = -2*z**3 + 46*z**2 - 80*z - 100. Determine i(21).
-16
Let h(q) = 190*q - 10827. Determine h(57).
3
Let n(k) = 3*k**2 - 53*k + 31. What is n(9)?
-203
Let g(j) = 40*j - 4110. What is g(103)?
10
Let k(a) = a**2 - 28*a - 1309. What is k(53)?
16
Let n(o) = -31*o**2 - 7*o + 8. Determine n(1).
-30
Let q(z) = -3*z**2 + 122*z - 158. What is q(40)?
-78
Let b(r) = -10*r - 1320. Calculate b(-129).
-30
Let h(s) = -165*s**2 + 1165*s + 14. What is h(7)?
84
Let q(s) = -s**3 + 36*s**2 - 290*s - 517. Give q(21).
8
Let w(o) = -709*o - 33304. What is w(-47)?
19
Let c(g) = 20*g + 96. Determine c(17).
436
Let w(v) = v**3 - 25*v**2 + 158*v - 3218. What is w(24)?
-2
Let j(u) = 2*u**3 - 23*u**2 + 61*u - 13. Give j(8).
27
Let n(m) = 2*m**3 + 8*m**2 + 11*m + 61. What is n(-4)?
17
Let i(j) = -12*j**2 + 650*j - 2949. Give i(5).
1
Let u(g) = -g**3 + 5*g**2 - 28*g - 222. Give u(-6).
342
Let r(a) = a**2 - 81*a + 297. Determine r(77).
-11
Let m(p) = -2*p**3 + 17*p**2 - 32*p - 4. Give m(5).
11
Let s(l) = 1121*l - 33644. Give s(30).
-14
Let p(s) = 2*s**2 + 63*s + 295. What is p(-31)?
264
Let b(v) = -11*v + 67. Determine b(17).
-120
Let i(t) = -3*t**3 + 26*t**2 - 5*t - 5. Give i(4).
199
Let h(g) = 43*g - 403. Give h(11).
70
Let l(o) = -35*o**3 - 7*o**2 + 5*o + 20. What is l(2)?
-278
Let w(i) = -45*i + 131. Give w(3).
-4
Let n(x) = x**3 + 9*x**2 - 58*x + 14. What is n(4)?
-10
Let d(u) = -22*u**2 + 335*u - 74. What is d(15)?
1
Let l(t) = -6*t**2 + 154*t - 821. What is l(18)?
7
Let p(x) = -2*x**2 + 4*x + 1132. What is p(25)?
-18
Let d(i) = -305*i - 1890. Determine d(-6).
-60
Let p(s) = -31332*s + 187985. Give p(6).
-7
Let n(w) = 134*w + 8833. Determine n(-66).
-11
Let n(f) = f**3 - 43*f**2 + 43*f - 25. Determine n(42).
17
Let y(k) = k + 13. What is y(-10)?
3
Let s(c) = 2*c**3 + 50*c**2 + 4*c + 1473. What is s(-26)?
17
Let a(k) = -4*k**3 + 270*k**2 - 134*k + 9. What is a(67)?
9
Let r(h) = -953*h**2 - 9529*h - 6. Determine r(-10).
-16
Let o(j) = j**3 - 47*j**2 - 212*j + 2980. What is o(50)?
-120
Let t(b) = -b**3 + 9*b**2 + 10*b - 81. Calculate t(8).
63
Let m(u) = 122*u - 4630. What is m(40)?
250
Let z(j) = 2*j**3 + 12*j**2 - 6*j - 13. Determine z(-6).
23
Let n(g) = -4*g**2 - 116*g + 3654. Calculate n(-48).
6
Let t(p) = 2*p**2 + 28*p + 115. Determine t(-6).
19
Let y(j) = j**2 + 6*j - 471. Calculate y(-25).
4
Let u(h) = -h**2 - 14*h - 24. Calculate u(-13).
-11
Let y(n) = -n**3 - 42*n**2 + 401*n + 68. Determine y(-50).
18
Let b(x) = 16*x + 311. What is b(-34)?
-233
Let o(n) = 27*n**2 + 17*n. What is o(3)?
294
Let z(a) = -36*a**2 - 13*a - 19. Calculate z(-3).
-304
Let w(u) = -3*u**2 - 9*u + 2. Determine w(2).
-28
Let l(s) = -s**3 + 106*s**2 + 2*s - 165. What is l(106)?
47
Let d(t) = -t**3 + 157*t**2 + 239*t + 12555. Give d(1